1, 157, 3797
List the prime factors of 157586099.
11, 43, 431, 773
What are the prime factors of 61020949?
11, 5547359
What are the prime factors of 2867353587?
3, 7, 31, 54377
What are the prime factors of 307448860?
2, 5, 15372443
List the prime factors of 400908942.
2, 3, 7, 359, 8863
List the prime factors of 3771587.
1091, 3457
List the prime factors of 2825760314.
2, 13, 907, 119827
What are the prime factors of 1936340995?
5, 61, 349, 18191
What are the prime factors of 14807938?
2, 59, 67, 1873
List the prime factors of 3854519873.
19, 202869467
What are the prime factors of 351463067?
351463067
What are the prime factors of 7796902?
2, 3898451
List the prime factors of 701692081.
41, 17114441
What are the prime factors of 20274853?
37, 661, 829
What are the prime factors of 423769575?
3, 5, 251, 22511
What are the prime factors of 3944702?
2, 727, 2713
What are the prime factors of 954493540?
2, 5, 7, 11, 13, 139
What are the prime factors of 2834890850?
2, 5, 11, 468577
What are the prime factors of 5075799386?
2, 7, 61, 5943559
List the prime factors of 56834820.
2, 3, 5, 7, 43, 1049
List the prime factors of 167666294.
2, 67, 191, 6551
What are the prime factors of 90819799?
7, 12974257
What are the prime factors of 1102498488?
2, 3, 7, 13, 168269
What are the prime factors of 5423025?
3, 5, 72307
What are the prime factors of 159294467?
97, 1642211
What are the prime factors of 1236997107?
3, 3769, 36467
List the prime factors of 209361983.
209361983
What are the prime factors of 344760231?
3, 114920077
What are the prime factors of 1111457519?
1111457519
List the prime factors of 7324631.
37, 197963
List the prime factors of 379339758.
2, 3, 7, 3010633
What are the prime factors of 1403424013?
239, 5872067
What are the prime factors of 1354196154?
2, 3, 225699359
What are the prime factors of 1287103377?
3, 7, 19, 3225823
What are the prime factors of 52239451?
11, 431731
List the prime factors of 77436135.
3, 5, 7, 81943
What are the prime factors of 2945648280?
2, 3, 5, 19, 41, 31511
List the prime factors of 101754893.
61, 1668113
List the prime factors of 6477267.
3, 1091, 1979
List the prime factors of 346612973.
7, 49516139
What are the prime factors of 212319519?
3, 5981, 11833
What are the prime factors of 246901573?
23, 10734851
What are the prime factors of 134624359?
23, 5853233
What are the prime factors of 221964417?
3, 24662713
List the prime factors of 86595350.
2, 5, 19, 91153
List the prime factors of 17353619.
41, 423259
List the prime factors of 31125963.
3, 11, 17, 113, 491
List the prime factors of 169369235.
5, 7, 59, 11717
List the prime factors of 405002971.
405002971
What are the prime factors of 230164522?
2, 7, 31, 530333
List the prime factors of 319656931.
11, 19, 1529459
What are the prime factors of 60925927?
101, 603227
What are the prime factors of 25162578?
2, 3, 7, 47, 607
What are the prime factors of 284546829?
3, 7, 1567, 8647
List the prime factors of 2227402509.
3, 17, 19, 2298661
List the prime factors of 908672.
2, 31, 229
What are the prime factors of 54243501?
3, 13, 1390859
List the prime factors of 587398568.
2, 599, 122579
List the prime factors of 447938519.
7, 2377, 26921
List the prime factors of 598222313.
13, 3539777
List the prime factors of 153611611.
3889, 39499
List the prime factors of 2515301779.
137, 18359867
List the prime factors of 388321293.
3, 17, 7614143
What are the prime factors of 242914472?
2, 37, 820657
List the prime factors of 73618025.
5, 13, 31, 7307
What are the prime factors of 96439922?
2, 97, 497113
What are the prime factors of 204679063?
204679063
What are the prime factors of 510695416?
2, 7, 11, 61, 13591
What are the prime factors of 29097621?
3, 7, 65981
List the prime factors of 165176743.
17, 71, 136849
List the prime factors of 157461880.
2, 5, 29, 135743
List the prime factors of 8230468255.
5, 3919, 420029
List the prime factors of 176410053.
3, 1327, 14771
List the prime factors of 135776935.
5, 7, 23, 151, 1117
List the prime factors of 546212162.
2, 79, 461, 7499
What are the prime factors of 606668672?
2, 4739599
What are the prime factors of 177498719?
479, 370561
List the prime factors of 5020682020.
2, 5, 251034101
List the prime factors of 6619674.
2, 3, 1103279
List the prime factors of 15155208.
2, 3, 70163
List the prime factors of 199964811.
3, 66654937
What are the prime factors of 53461698?
2, 3, 8910283
List the prime factors of 46954535.
5, 9390907
List the prime factors of 149381997.
3, 49793999
List the prime factors of 99895765.
5, 449, 44497
What are the prime factors of 5453277885?
3, 5, 11, 29, 139, 911
What are the prime factors of 736146127?
19, 59, 656687
What are the prime factors of 449334033?
3, 29, 89, 58031
What are the prime factors of 4005197214?
2, 3, 47, 14202827
What are the prime factors of 41276688?
2, 3, 181, 4751
List the prime factors of 3296453095.
5, 13, 41, 659, 1877
List the prime factors of 227618943.
3, 75872981
List the prime factors of 480608782.
2, 23, 859, 12163
What are the prime factors of 59756144?
2, 7, 59, 9043
List the prime factors of 850433782.
2, 11, 1021, 37861
What are the prime factors of 146733965?
5, 7, 4192399
List the prime factors of 8463196.
2, 7, 47, 59, 109
List the prime factors of 82199315.
5, 11, 137, 10909
List the prime factors of 3147520.
2, 5, 2459
What are the prime factors of 649962673?
43, 15115411
What are the prime factors of 22437812?
2, 157, 35729
What are the prime factors of 369675830?
2, 5, 36967583
List the prime factors of 223434032.
2, 13964627
What are the prime factors of 100681399?
7, 13, 19, 58231
List the prime factors of 1497850183.
23, 65123921
What are the prime factors of 182347936?
2, 659, 8647
What are the prime factors of 46152716?
2, 41, 281419
What are the prime factors of 69419105?
5, 7, 59, 33617
List the prime factors of 51264494.
2, 25632247
List the prime factors of 2574840961.
7, 11, 17, 23, 85523
List the prime factors of 42500670.
2, 3, 5, 971, 1459
List the prime factors of 159780637.
17, 53, 177337
What are the prime factors of 33167425?
5, 17, 78041
List the prime factors of 65275576.
2, 157, 51971
What are the prime factors of 29543648?
2, 923239
List the prime factors of 1616092478.
2, 7, 11, 13, 43, 18773
What are the prime factors of 469945633?
469945633
List the prime factors of 220782028.
2, 241, 229027
What are the prime factors of 2892072?
2, 3, 120503
List the prime factors of 58260851.
11, 5296441
What are the prime factors of 38706662?
2, 31, 37, 47, 359
What are the prime factors of 40100158?
2, 7, 863, 3319
List the prime factors of 2625535923.
3, 27299, 32059
List the prime factors of 25413447.
3, 53, 159833
What are the prime factors of 24073367?
24073367
List the prime factors of 141436814.
2, 83, 661, 1289
What are the prime factors of 280194008?
2, 35024251
What are the prime factors of 276714311?
23, 73, 164809
List the prime factors of 2384102710.
2, 5, 11, 19, 53, 21523
What are the prime factors of 44406586?
2, 7, 37, 59, 1453
What are the prime factors of 258430342?
2, 129215171
List the prime factors of 132153021.
3, 7, 11, 13, 14669
What are the prime factors of 668643064?
2, 521, 160423
List the prime factors of 6586025293.
6586025293
List the prime factors of 20084105.
5, 643, 6247
What are the prime factors of 137511738?
2, 3, 7, 13, 67, 179
List the prime factors of 880415787.
3, 19, 967, 15973
What are the prime factors of 3045914514?
2, 3, 17, 337, 29537
What are the prime factors of 1661590189?
7, 157, 1511911
What are the prime factors of 542820879?
3, 89, 397, 569
List the prime factors of 5115098236.
2, 1278774559
List the prime factors of 4223244029.
2579, 1637551
List the prime factors of 1014059152.
2, 63378697
List the prime factors of 14996831.
14996831
What are the prime factors of 180364787?
2267, 79561
List the prime factors of 532266505.
5, 173, 615337
List the prime factors of 586676883.
3, 13, 139, 108223
What are the prime factors of 294923615?
5, 7, 31, 67, 4057
What are the prime factors of 390678499?
390678499
List the prime factors of 290205865.
5, 157, 337, 1097
List the prime factors of 1666339327.
1666339327
What are the prime factors of 1442551557?
3, 1277, 376547
What a